{"id":180,"date":"2022-07-28T23:29:00","date_gmt":"2022-07-28T23:29:00","guid":{"rendered":"https:\/\/escueladronescantabria.com\/tienda\/?post_type=product&#038;p=180"},"modified":"2026-03-05T21:36:32","modified_gmt":"2026-03-05T21:36:32","slug":"practicas-sts-eu-01-sts-eu-02","status":"publish","type":"product","link":"https:\/\/escueladronescantabria.com\/tienda\/producto\/practicas-sts-eu-01-sts-eu-02\/","title":{"rendered":"Pr\u00e1cticas STS-EU-01 y STS-EU-02"},"content":{"rendered":"<h4><span style=\"color: #000000;\"><strong>Si unicamente quieres hacer las pr\u00e1cticas de los Escanarios Estandard\u00a0 STS europeo, en este pack incluimos la Titulaci\u00f3n y 2 sesiones de vuelo (5 horas totales) solo Pilotos avanzados.<\/strong><\/span><\/h4>\n<p>&nbsp;<\/p>\n","protected":false},"excerpt":{"rendered":"<p><strong>Formaci\u00f3n y evaluaci\u00f3n pr\u00e1ctica en los dos escenarios est\u00e1ndar europeos (STS-EU) para operaciones de UAS en la categor\u00eda \u00abespec\u00edfica\u00bb:<\/strong><\/p>\n<p><strong>STS-01: Operaciones VLOS sobre una zona terrestre controlada en entorno poblado con UAS que dispongan de marcado de clase C5.<\/strong><br \/>\n<strong>STS-02: Operaciones BVLOS sobre una zona terrestre controlada en un entorno escasamente poblado con UAS que dispongan de marcado de clase C6.<\/strong><\/p>\n<p><strong>Drones Cantabria es entidad reconocida por AESA para la formaci\u00f3n y evaluaci\u00f3n de aptitudes pr\u00e1cticas de pilotos a distancia en escenarios est\u00e1ndar (STS europeo) seg\u00fan los requisitos indicados en el Reglamento de Ejecuci\u00f3n (UE) 2019\/947.<\/strong><\/p>\n","protected":false},"featured_media":318,"comment_status":"open","ping_status":"closed","template":"","meta":[],"product_cat":[19,26],"product_tag":[],"class_list":{"0":"post-180","1":"product","2":"type-product","3":"status-publish","4":"has-post-thumbnail","6":"product_cat-curso-profesional","7":"product_cat-practicas-1","9":"first","10":"instock","11":"sale","12":"shipping-taxable","13":"purchasable","14":"product-type-simple"},"_links":{"self":[{"href":"https:\/\/escueladronescantabria.com\/tienda\/wp-json\/wp\/v2\/product\/180","targetHints":{"allow":["GET"]}}],"collection":[{"href":"https:\/\/escueladronescantabria.com\/tienda\/wp-json\/wp\/v2\/product"}],"about":[{"href":"https:\/\/escueladronescantabria.com\/tienda\/wp-json\/wp\/v2\/types\/product"}],"replies":[{"embeddable":true,"href":"https:\/\/escueladronescantabria.com\/tienda\/wp-json\/wp\/v2\/comments?post=180"}],"wp:featuredmedia":[{"embeddable":true,"href":"https:\/\/escueladronescantabria.com\/tienda\/wp-json\/wp\/v2\/media\/318"}],"wp:attachment":[{"href":"https:\/\/escueladronescantabria.com\/tienda\/wp-json\/wp\/v2\/media?parent=180"}],"wp:term":[{"taxonomy":"product_cat","embeddable":true,"href":"https:\/\/escueladronescantabria.com\/tienda\/wp-json\/wp\/v2\/product_cat?post=180"},{"taxonomy":"product_tag","embeddable":true,"href":"https:\/\/escueladronescantabria.com\/tienda\/wp-json\/wp\/v2\/product_tag?post=180"}],"curies":[{"name":"wp","href":"https:\/\/api.w.org\/{rel}","templated":true}]}}